t y(l) = -3*l + 33. Suppose -17*m = 314 - 1130. Suppose m = 8*n + 264. Let p be y(n). What is the greatest common divisor of p and 76?
38
Let t(y) = 42*y**2 + 3. Let m be t(4). Let c(f) = f**2 + f + m - 4*f - 8*f - 665. Let p be c(13). Calculate the greatest common divisor of p and 18.
18
Suppose 30*o = 267 - 1167. Let j be (-1)/10 + 7 + (-243)/o. What is the greatest common factor of j and 36?
3
Let q = 433 - 67. What is the highest common divisor of q and 1220?
122
Let l(j) = 226*j**2 + 7*j - 7. Let v be l(1). Let a = -214 + v. What is the greatest common factor of a and 372?
12
Let c = -234 - -95. Let i = c - -274. Let w = 139 - i. What is the highest common factor of w and 4?
4
Let o be 3/(-12) + 50/8. Let b = -3 + o. Let a = -1669 + 1672. What is the greatest common factor of b and a?
3
Suppose -16 = -3*h - 2*s, -h - 2*s + 0*s + 8 = 0. Let o(n) = 22 + 0 + 8*n + n**2 + 15 - 5. Let g be o(-6). Calculate the greatest common factor of h and g.
4
Suppose 0 = f + x - 8345, 5*f = -4*x + 60441 - 18715. What is the highest common divisor of f and 78?
78
Let j = 218 + -155. Suppose 580 = 82*p - 1142. What is the highest common factor of j and p?
21
Let i(q) = -2*q**2 + 31*q - 27. Let z be i(14). Suppose 0 = -z*l + 12*l - 2*j + 52, 2*j + 88 = 4*l. Calculate the greatest common divisor of 540 and l.
20
Let d(w) = w**3 + 11*w**2 + 6*w - 9. Suppose 3*x + 1 + 13 = 2*r, -8 = 4*r. Let k be d(x). What is the greatest common divisor of k and 5?
5
Let k(h) be the third derivative of 7*h**4/24 + 47*h**3/2 + 33*h**2. Let s be k(-13). What is the highest common divisor of s and 125?
25
Suppose -j = z - 16, 3*z + 4 = 2*j - 33. Calculate the greatest common factor of 12767 and j.
17
Let t = -14867 - -14875. Let q(w) = -w**2 + 6*w + 3. Let a be (-1 - -6) + (3 - 3). Let f be q(a). What is the highest common factor of f and t?
8
Let r(p) = p**3 + 9*p**2 - 43*p - 108. Let b be r(-6). What is the highest common factor of 14 and b?
2
Suppose 108 - 24 = 12*q. Let w(h) = 15*h - 47. Let g be w(q). What is the highest common factor of g and 58?
58
Suppose 70*b - 1020 = 10*b. Let c = 53 + -35. Let g(l) = 12*l + 5. Let u be g(c). Calculate the greatest common factor of b and u.
17
Suppose -310*z + 1924 + 2738 = -88*z. Calculate the highest common divisor of z and 183.
3
Suppose 0 = 17592*o - 17576*o - 1728. Calculate the highest common factor of o and 8154.
54
Suppose 385 = m - 4*b, b + 1501 = 4*m - 2*b. Let n = m - 189. Let t be (-1)/(16/(-92)*(-4)/(-16)). Calculate the highest common divisor of n and t.
23
Let n be 66 - -1 - 20*(-3)/12. Calculate the greatest common factor of n and 1332.
36
Let p be (4/(-12))/((-2)/(-3372)). Let y = 625 + p. What is the greatest common factor of 91 and y?
7
Suppose 2*w - 364 = w. Let k = -7703 - -7731. What is the highest common divisor of w and k?
28
Suppose -29*f = -30*f + 12. Suppose o = -o + 4*n + 34, 2*o - 55 = -3*n. Let z = o - 15. Calculate the greatest common factor of z and f.
4
Let t = -388960 - -389596. Suppose 5*i - 10 - 33 = -4*r, -4*r + 4*i = -52. What is the greatest common factor of r and t?
12
Let z(n) = 4*n**2 - 7*n + 16. Let d(a) = a**2 - a + 2. Let v(u) = 6*d(u) - z(u). Let q be v(2). What is the greatest common factor of q and 30?
6
Let x = -571 - -1146. Suppose -15*g = -x - 145. What is the greatest common divisor of g and 80?
16
Let s = 70 + -60. Suppose 0 = -s*c + 13*c - 378. Suppose -2*n = 5*y - 912, 0 = 4*y - 2*n - c - 618. What is the greatest common divisor of y and 23?
23
Suppose 0 = -a - 4*j + 373, -123*a + 120*a = -4*j - 1103. What is the greatest common divisor of a and 246?
123
Let y(o) = 3*o**2 + 10*o - 99. Let a(m) = m**2 - 2*m - 1. Let r(t) = 4*a(t) - y(t). Let w be r(11). Calculate the greatest common factor of w and 162.
18
Let m = -24 + 245. Suppose 81*u + 11758 = 17266. What is the greatest common divisor of m and u?
17
Let m(x) = 4*x**2 - 4*x + 2. Let u be m(4). Suppose -4*n - 2*i + 712 = 0, 2*i + 0*i + 163 = n. Calculate the highest common factor of u and n.
25
Suppose -5*i + 0*i = -2*k + 92, -3*i - 12 = 0. Suppose 0 = -3*s - 15, 0*s + s = -2*p + 963. Let v = 844 - p. Calculate the greatest common divisor of v and k.
36
Let i(n) = -n + 15. Let w be i(7). Let j = -28055 - -28071. Calculate the greatest common factor of w and j.
8
Let f(w) = w**2 - 8*w + 18. Suppose -14*s + 49 = 7. Suppose 0 = s*b + 6, 2*l + 28 = 6*l + 4*b. Let g be f(l). What is the highest common divisor of g and 270?
27
Let p(t) = -t**2 - 25*t - 33. Let s be p(-23). Suppose 4*o - s = 31. Calculate the greatest common factor of 4 and o.
1
Suppose -3*x + 0*g + 448 = 5*g, 2*g + 788 = 5*x. Calculate the highest common factor of 1664 and x.
52
Let r(q) = q**2 + 4*q + 655. Let b be r(0). Suppose 0 = -116*f + 111*f - b. Let k = -105 - f. Calculate the highest common divisor of 39 and k.
13
Let t be -3*(0/1 - 3). Suppose -3*d + t = -60. Suppose -2*h = 1 - d. What is the highest common divisor of h and 121?
11
Let l = -67 + 95. Let y be (-2604)/(-30)*(-5)/(-1). What is the greatest common divisor of l and y?
14
Suppose -38 = -3*h + 4*g, 10*h + g - 25 = 5*h. Let p be (9/(-4))/((-125)/20 + h). Suppose p*t + 36 = 13*t. Calculate the greatest common divisor of t and 6.
3
Suppose 4 = -2*s, 5*c - s = 4*s + 70. Let i(a) = 123*a - 99. Let h be i(1). What is the greatest common factor of c and h?
12
Suppose 5*j + 12 = j, 298 = 4*x + 2*j. Let g = x - 60. Suppose -27*l + 704 = -23*l. Calculate the highest common divisor of l and g.
16
Suppose -10*m + 120 = 12*m - 1376. What is the highest common divisor of 21760 and m?
68
Let y(t) = -7*t + 7. Let x be y(4). Let l(h) = -h**3 - 22*h**2 - 19*h + 11. Let q be l(x). Let z = q + 56. What is the greatest common divisor of z and 5?
5
Let o be (3 - (-1188)/(-18))/((-6)/10). Let w be (-2)/9 - 128/(-9). What is the greatest common divisor of w and o?
7
Suppose 2*g + 2*r = -g + 200, -4*r = 8. What is the highest common divisor of g and 6426?
34
Suppose 6692 = 4*t - 89*b + 87*b, -5*t + 8367 = -2*b. Calculate the highest common divisor of 5360 and t.
335
Suppose u + t + 64 - 160 = 0, -3*t + 18 = 0. Let c(b) = 9*b**2 + 2*b - 5. Let v be c(-5). Calculate the highest common factor of v and u.
30
Let p = 2773 - 2760. What is the highest common divisor of p and 91?
13
Suppose 3*k - 376 = 29. Let c = -38 + 40. Suppose -4*f - c*m + 50 = 0, 5 = -f - m - 3*m. What is the greatest common factor of k and f?
15
Let y = -8 - -10. Let o = 2195 + -2189. Calculate the highest common divisor of y and o.
2
Let u(a) = 31*a**2 - 43*a - 170. Let n be u(-5). Calculate the greatest common divisor of 80 and n.
20
Suppose 2*z + 770 = 4*w, 3*w + 6*z - 545 = z. Calculate the highest common divisor of w and 11590.
190
Let g(j) = 758*j - 3484. Let b be g(22). Calculate the greatest common divisor of 17 and b.
17
Suppose -q - 3*q = -24. Let f be 185/3*(-3 + q). Let h be (-4)/2 - (5 + f/(-5)). What is the greatest common divisor of 6 and h?
6
Suppose -132*r + 130*r + 88 = 0. Suppose -4*g + r = -3*l, 3*g + 2*l = -2*g + 55. Calculate the highest common factor of g and 121.
11
Let l(w) = 4*w**2 + 849*w - 3420. Let s be l(4). What is the greatest common factor of 19680 and s?
40
Let v(x) = 6*x + 6. Let d be v(5). Let u = d - 23. Let y be (u + 5/5)/(2/8). Calculate the greatest common divisor of y and 7.
7
Let t(s) = -s**2 - 7*s + 6. Let z be t(-4). Suppose -c + 51 = -z. Let i be (2*87)/(-5 + c/12). Calculate the highest common divisor of i and 29.
29
Suppose 23293*h + 2336 = 23301*h. Calculate the highest common divisor of h and 5475.
73
Let s = 10 + 54. Let k be -20 - (840/(-20) - -6). What is the greatest common factor of k and s?
16
Let v(m) = m**3 + 5*m**2 - 46*m - 11. Let d be v(-9). Suppose 4*z + 0*r - 5*r = 55, -5*z - 4*r = -d. Calculate the highest common divisor of 15 and z.
15
Suppose -5*q = v - 61, q + 59 = v + 5*q. Let i = -21 + v. Calculate the highest common divisor of 110 and i.
10
Let j be (-20)/(-6)*(-132)/(-10). Let r(f) = 322*f + 2284. Let d be r(-6). Calculate the greatest common factor of j and d.
44
Suppose -420 - 307 = -39*l + 7385. What is the greatest common factor of 1196 and l?
52
Suppose 158 = 5*a + 33. Let r be 1 + 3 + (-11 - (7 - a)). What is the greatest common factor of 11 and r?
11
Let z be (-504)/240*(-5)/9*6.